{"id":383,"date":"2019-03-25T19:21:29","date_gmt":"2019-03-25T19:21:29","guid":{"rendered":"http:\/\/fahrschule-scholl.de\/?page_id=383"},"modified":"2020-11-11T11:34:13","modified_gmt":"2020-11-11T10:34:13","slug":"klassen-im-ueberblick","status":"publish","type":"page","link":"https:\/\/www.fahrschule-scholl.de\/?page_id=383","title":{"rendered":"Klassen im \u00dcberblick"},"content":{"rendered":"\n<p class=\"has-background has-very-light-gray-background-color\">Hier sind alle F\u00fchrerscheinklassen zu sehen, die wir anbieten.<\/p>\n\n\n\n<table class=\"wp-block-table table_white is-style-stripes\"><tbody><tr><td colspan=\"2\"><strong>Klasse<\/strong><\/td><td><strong>Einge-<br>schlossen<\/strong><\/td><td><strong>Fahrzeug<\/strong><\/td><td><strong>Bemerkung<\/strong><\/td><td><strong>Mindestalter<\/strong><\/td><\/tr>\n<tr><td>Auto<\/td><td>B<\/td><td>AM, L<\/td><td>max. 3,5t zgM <\/td><td>inkl. Anh\u00e4nger bis 750kg zgM und<br>inkl. Anh\u00e4nger \u00fcber 750kg zgM, sofern die Kombination (Auto + Anh\u00e4nger) 3,5t zgM nicht \u00fcberschreitet <\/td><td>18, 17*<\/td><\/tr>\n<tr><td>Anh\u00e4nger<\/td><td>BE<\/td><td>AM, L<\/td><td>\u00fcber 750kg zgM<\/td><td> Anh\u00e4nger bis 3,5t zgM<br>max. Kombination (Auto + Anh\u00e4nger) 7t <\/td><td>18, 17*<\/td><\/tr>\n<tr><td>Motorrad unbeschr\u00e4nkt<\/td><td>A<\/td><td>A2, A1, AM<\/td><td>offener Hubraum<br>offene Leistung<\/td><td>Aufstieg in die Klasse A ist auch nach 2 Jahren Vorbesitz A2 durch praktische Pr\u00fcfung m\u00f6glich (ab 20 Jahre) <\/td><td>24<\/td><\/tr>\n<tr><td>Motorrad beschr\u00e4nkt<\/td><td>A2<\/td><td>A1, AM<\/td><td>offener Hubraum<br>max. 35kW<\/td><td>max. 35kW bei Leistungsgewicht von 0,2kW\/kg (Bsp.: bei 48PS muss das Motorrad min. 175kg wiegen)<br>Aufstieg in die Klasse A2 ist auch nach 2 Jahren Vorbesitz A1 durch praktische Pr\u00fcfung m\u00f6glich (ab 18 Jahre) <\/td><td>18<\/td><\/tr>\n<tr><td>Leichtkraftrad<\/td><td>A1<\/td><td>AM<\/td><td>max. 125ccm<br>max. 11kW<\/td><td>max. 11kW bei Leistungsgewicht von 0,1kW\/kg (Bsp.: bei 15PS muss das Motorrad min. 110kg wiegen) <\/td><td>16<\/td><\/tr>\n<tr><td>Roller<\/td><td>AM<\/td><td>Mofa<\/td><td>max. 50ccm<\/td><td>max. 45km\/h<\/td><td>15<\/td><\/tr><tr><td>Mofa<\/td><td><\/td><td><\/td><td>max. 50ccm<\/td><td>max. 25km\/h<\/td><td>15<\/td><\/tr>\n<tr><td>Traktor<\/td><td>L<\/td><td><\/td><td>Landwirts. Zug-\/ Arbeitsmaschine inkl. Anh\u00e4nger<\/td><td>max. 40km\/h ohne Anh\u00e4nger<br>max. 25km\/h mit Anh\u00e4nger<\/td><td>16<\/td><\/tr>\n<tr><td colspan=\"6\">zgM = zul\u00e4ssige Gesamtmasse&nbsp;&nbsp;&nbsp;&nbsp;&nbsp;&nbsp;&nbsp;* = Begleitendes Fahren <\/td><\/tr>\n<\/tbody>\n<\/table>\n","protected":false},"excerpt":{"rendered":"<p>Hier sind alle F\u00fchrerscheinklassen zu sehen, die wir anbieten. Klasse Einge-schlossen Fahrzeug Bemerkung Mindestalter Auto B AM, L max. 3,5t zgM inkl. Anh\u00e4nger bis 750kg zgM undinkl. Anh\u00e4nger \u00fcber 750kg zgM, sofern die Kombination (Auto + Anh\u00e4nger) 3,5t zgM nicht \u00fcberschreitet 18, 17* Anh\u00e4nger BE AM, L \u00fcber 750kg zgM Anh\u00e4nger bis 3,5t zgMmax. Kombination [&hellip;]<\/p>\n","protected":false},"author":1,"featured_media":0,"parent":0,"menu_order":0,"comment_status":"closed","ping_status":"closed","template":"","meta":{"footnotes":""},"class_list":["post-383","page","type-page","status-publish","hentry"],"_links":{"self":[{"href":"https:\/\/www.fahrschule-scholl.de\/index.php?rest_route=\/wp\/v2\/pages\/383","targetHints":{"allow":["GET"]}}],"collection":[{"href":"https:\/\/www.fahrschule-scholl.de\/index.php?rest_route=\/wp\/v2\/pages"}],"about":[{"href":"https:\/\/www.fahrschule-scholl.de\/index.php?rest_route=\/wp\/v2\/types\/page"}],"author":[{"embeddable":true,"href":"https:\/\/www.fahrschule-scholl.de\/index.php?rest_route=\/wp\/v2\/users\/1"}],"replies":[{"embeddable":true,"href":"https:\/\/www.fahrschule-scholl.de\/index.php?rest_route=%2Fwp%2Fv2%2Fcomments&post=383"}],"version-history":[{"count":14,"href":"https:\/\/www.fahrschule-scholl.de\/index.php?rest_route=\/wp\/v2\/pages\/383\/revisions"}],"predecessor-version":[{"id":735,"href":"https:\/\/www.fahrschule-scholl.de\/index.php?rest_route=\/wp\/v2\/pages\/383\/revisions\/735"}],"wp:attachment":[{"href":"https:\/\/www.fahrschule-scholl.de\/index.php?rest_route=%2Fwp%2Fv2%2Fmedia&parent=383"}],"curies":[{"name":"wp","href":"https:\/\/api.w.org\/{rel}","templated":true}]}}

Klassen im Überblick

<p class="has-background has-very-light-gray-background-color">Hier sind alle Führerscheinklassen zu sehen, die wir anbieten.</p>



<table class="wp-block-table table_white is-style-stripes"><tbody><tr><td colspan="2"><strong>Klasse</strong></td><td><strong>Einge-<br>schlossen</strong></td><td><strong>Fahrzeug</strong></td><td><strong>Bemerkung</strong></td><td><strong>Mindestalter</strong></td></tr>
<tr><td>Auto</td><td>B</td><td>AM, L</td><td>max. 3,5t zgM </td><td>inkl. Anhänger bis 750kg zgM und<br>inkl. Anhänger über 750kg zgM, sofern die Kombination (Auto + Anhänger) 3,5t zgM nicht überschreitet </td><td>18, 17*</td></tr>
<tr><td>Anhänger</td><td>BE</td><td>AM, L</td><td>über 750kg zgM</td><td> Anhänger bis 3,5t zgM<br>max. Kombination (Auto + Anhänger) 7t </td><td>18, 17*</td></tr>
<tr><td>Motorrad unbeschränkt</td><td>A</td><td>A2, A1, AM</td><td>offener Hubraum<br>offene Leistung</td><td>Aufstieg in die Klasse A ist auch nach 2 Jahren Vorbesitz A2 durch praktische Prüfung möglich (ab 20 Jahre) </td><td>24</td></tr>
<tr><td>Motorrad beschränkt</td><td>A2</td><td>A1, AM</td><td>offener Hubraum<br>max. 35kW</td><td>max. 35kW bei Leistungsgewicht von 0,2kW/kg (Bsp.: bei 48PS muss das Motorrad min. 175kg wiegen)<br>Aufstieg in die Klasse A2 ist auch nach 2 Jahren Vorbesitz A1 durch praktische Prüfung möglich (ab 18 Jahre) </td><td>18</td></tr>
<tr><td>Leichtkraftrad</td><td>A1</td><td>AM</td><td>max. 125ccm<br>max. 11kW</td><td>max. 11kW bei Leistungsgewicht von 0,1kW/kg (Bsp.: bei 15PS muss das Motorrad min. 110kg wiegen) </td><td>16</td></tr>
<tr><td>Roller</td><td>AM</td><td>Mofa</td><td>max. 50ccm</td><td>max. 45km/h</td><td>15</td></tr><tr><td>Mofa</td><td></td><td></td><td>max. 50ccm</td><td>max. 25km/h</td><td>15</td></tr>
<tr><td>Traktor</td><td>L</td><td></td><td>Landwirts. Zug-/ Arbeitsmaschine inkl. Anhänger</td><td>max. 40km/h ohne Anhänger<br>max. 25km/h mit Anhänger</td><td>16</td></tr>
<tr><td colspan="6">zgM = zulässige Gesamtmasse&nbsp;&nbsp;&nbsp;&nbsp;&nbsp;&nbsp;&nbsp;* = Begleitendes Fahren </td></tr>
</tbody>
</table>

<p>Hier sind alle Führerscheinklassen zu sehen, die wir anbieten. Klasse Einge-schlossen Fahrzeug Bemerkung Mindestalter Auto B AM, L max. 3,5t zgM inkl. Anhänger bis 750kg zgM undinkl. Anhänger über 750kg zgM, sofern die Kombination (Auto + Anhänger) 3,5t zgM nicht überschreitet 18, 17* Anhänger BE AM, L über 750kg zgM Anhänger bis 3,5t zgMmax. Kombination [&hellip;]</p>
